*4/3 - 3*f**3/2 + 9*f**2 + 2. Give r(-8).
-9
Let q(d) be the first derivative of -d**3 + 3*d**2/2 + 6*d + 28. Let v(h) = 3*h**2 - 4*h - 7. Let f(t) = 6*q(t) + 5*v(t). Suppose -5*b + 4 = -b. What is f(b)?
-4
Let z(s) = s**2 - 4*s - 1. Let n = -29 + 32. Let q be z(n). Let c(w) = w**2 + 7*w + 6. Give c(q).
-6
Let w(j) = 243*j**3 + 4*j - 2*j**2 + 5*j**2 + 244*j**3 - 488*j**3. What is w(4)?
0
Let d(o) = o + 7. Let x(j) = -31*j + 463. Let u be x(15). Calculate d(u).
5
Let b(a) = a - 6. Suppose -10*c + 4*c + 24 = 0. Let q be (-5)/(((-3)/2)/(-3)) + c. What is b(q)?
-12
Suppose -i + 4*i - 18 = 0. Suppose 3*o = 3*u - 0*o - i, 2*o + 6 = u. Let a(n) = 7 + n - 5 + 0*n. What is a(u)?
0
Let o(r) = 2 - 3*r + r - 1 + 8*r**2. Let b(g) = -g**2 + 138*g + 424. Let i be b(-3). What is o(i)?
7
Let r = 2 + -6. Let c = 2 + r. Let t(o) = 0*o + 117 + 2*o - 116. Calculate t(c).
-3
Let l(t) = -3*t**2 - 37*t + 63. Let g(q) = q**2 + 12*q - 21. Let r(v) = -17*g(v) - 6*l(v). Calculate r(-19).
-2
Let p be (3 - (0/(-1) + -7)) + 0. Let s(g) = 6 - 6*g - p - g**2 + 2. What is s(-4)?
6
Let h be (-210)/(-45) + (-4)/6. Let y(x) = -x. Let m(k) = -4*k + 2. Let w(z) = -m(z) + 5*y(z). What is w(h)?
-6
Let g(c) = -2*c**2 + 14*c - 7. Let p(z) = -z**2 + 7*z - 3. Let o(k) = -4*g(k) + 7*p(k). Suppose 4*m + 43 = 3*a + 2, 4*m = -a - 13. Determine o(a).
7
Let t(z) = -2*z**2 + 10*z + 5. Suppose 3*l - 10 = j, 0 = -4*j - 3*l + 11 + 24. What is t(j)?
5
Let r(u) be the third derivative of -u**4/24 - 9*u**3/2 + 48*u**2. Let p(h) = 9. Let z(y) = -8*p(y) - 3*r(y). Determine z(-6).
-9
Let p(i) = 2*i**2 - 7*i + 5. Let f(k) = 1. Let j(h) = -h**3 - 7*h**2 - 7*h - 9. Let r be j(-6). Let t(l) = r*f(l) + p(l). What is t(5)?
17
Let i = -17 + 19. Let s = -8 - -11. Let b(p) = -4*p - s*p + 5*p. Give b(i).
-4
Suppose -2*n - 5*q + 28 = 0, n + 4*q - 5 = 6*q. Let l be (-17)/34 + n/(-2). Let a(k) = k**2 + 6*k + 4. Determine a(l).
-1
Let b(r) = -4*r. Let h be b(-1). Suppose -2*v + 9 = -n, 0 = -v - 4*n - 3 - 6. Let j(m) = -m - 3*m**v + 4*m**2 + 5 + 2*m**3 - m - 2. Give j(h).
-5
Suppose -2*v - 3*o + 20 = 0, 4 + 12 = 2*v + 2*o. Let c be (0 + -4)*2/(-4). Let b(z) = 3*z**c - 2 + z**2 - 5*z - 3*z**2 + 0*z**2. What is b(v)?
-6
Let o(c) = c**3 - 2*c**2 - c + 3. Let d = 903 - 899. Determine o(d).
31
Let p(i) = i**2 - i - 448*i**3 + 449*i**3 - 1 + i**2. Let o = 8 - 6. What is p(o)?
13
Let l(b) = -6*b**3 - 2*b**2 + 1. Suppose 0 = c - 25 - 12. Let v = 38 - c. Give l(v).
-7
Let p = -39 + 40. Let m(q) = q**2 + 0*q**2 - 37*q + p + 37*q. What is m(-5)?
26
Let i(x) = 47 - x - 7 - 14 - 16. What is i(6)?
4
Let a(l) = 19*l - 77. Let r be a(4). Let g(s) be the second derivative of s + 0 + 1/2*s**2 + 1/6*s**3 - 1/3*s**4. What is g(r)?
-4
Let z(y) = y**2 + 4*y - 1. Let j(m) = m**2 + 2*m - 3. Let h be j(-4). Suppose -4*v + 14 = h*d, -v - 10 = d - 2*d. Suppose -q = d - 2. Give z(q).
-1
Let i(d) be the third derivative of -d**5/60 + 4*d**3/3 - 22*d**2. Let l be i(4). Let f(b) = -b**3 - 7*b**2 + 9*b + 8. What is f(l)?
0
Let l(s) = 5 - 27*s - s**2 - 23*s + 43*s. Let j(m) be the third derivative of -m**5/60 - m**4/24 + 5*m**3/6 - 2*m**2. Let n be j(-4). What is l(n)?
5
Let l(h) = 14 - 214*h - 3 + 3 + 196*h - 2*h**2 + h**2. Give l(-18).
14
Let o be -6*((-665)/(-15) + -1). Let t be o/(-50) + (-2)/10. Let d(l) = -6*l + 7. Calculate d(t).
-23
Let h(k) = -3*k**2 - 1 - 16*k**3 + 4 - 3*k + 17*k**3. Let o be h(3). Let l(u) = u**2 + 5*u - 1. Determine l(o).
5
Let h(v) = 2*v**2 - 9*v - 21. Let j(o) = o**2 - 4*o - 10. Let u(p) = -4*h(p) + 9*j(p). What is u(-4)?
10
Let h(c) be the third derivative of c**5/15 - c**4/8 + c**2 - 8. What is h(2)?
10
Let v(l) = -2*l**2 - 2*l. Suppose 606*u + 4 = 605*u. What is v(u)?
-24
Let r be (1 - -3)*(-240)/(-192). Let g(i) = i**2 - 3*i - 4. What is g(r)?
6
Let a be (30/9)/((-6)/9). Let b(j) = j**2 - 4*j - 5. Let h be (-2)/6 - (-33)/(-9). Let k(y) = -y**2 + 4*y + 6. Let x(q) = a*b(q) + h*k(q). What is x(5)?
-4
Let n = -35 + 45. Let i(o) = -7 + 11*o - n*o + 3 + 3. What is i(7)?
6
Let t(v) = -4 - 42*v - 7626*v**2 + 15247*v**2 - 7629*v**2. What is t(-5)?
6
Let u(s) = -s**2 + 2*s. Let c(l) = -l**3 + 6*l**2 - 2*l - 5. Let n(b) = -c(b) + u(b). Suppose z + 30 = 6*z. Give n(z).
-7
Let t(m) = m**2 - 313*m - 2902. Let l be t(-9). Let u be -2 + 1 + 1 + 0. Let g(o) = -6 + 4*o**2 - 4*o + u*o**2 - 5*o**2. Calculate g(l).
-6
Let o(h) = -16*h + 112. Let g be o(7). Let n(q) = q + 4. What is n(g)?
4
Let j(t) = 22 + 0*t - 5*t + 2*t - 17 + 2*t. Determine j(7).
-2
Let j be (-66)/(-14) + 2/7. Suppose j*y + 5*q = 45 + 35, -y + 2*q + 7 = 0. Let v = -19 + y. Let t(p) = p**3 + 7*p**2 + 6*p + 9. Calculate t(v).
9
Let p(f) = -5*f**2 - f - 9. Let o(q) = 11*q**2 + 3*q + 20. Let l(s) = -4*o(s) - 9*p(s). Calculate l(1).
-1
Let x(i) = i**2 - 13*i + 23. Let u be x(11). Let m(s) = s**3 + 6*s - 5*s - u + 3*s**2 - 2*s. Give m(-2).
5
Let i(k) = k**3 + 2*k + 3. Let h(x) = 2*x**2 - 27*x + 87. Let d be h(8). What is i(d)?
0
Let i(z) = 2*z. Suppose 3*b + 19 = -x, -51*b - 5*x = -46*b + 35. Give i(b).
-12
Let d(a) = 4*a**2 + 217 + 222 - 440. Let r = 2 - 1. Give d(r).
3
Let h(r) = -2 + 3 + 14*r - 13*r. Let d be h(-7). Let z be 25/d + 4/24. Let u(y) = -y**2 - 4*y - 3. What is u(z)?
-3
Let q(u) = 2*u + 1. Let k(v) = -v. Let x(l) = l**2 - l - 3. Let f be x(2). Let p(y) = f*q(y) - k(y). Give p(-3).
2
Suppose 26*i + 3 = 25*i. Let p be 2 + i + 6 + -3. Suppose 4*t = 0, m + 2 + 2 = -p*t. Let k(s) = s**2 + 4*s + 6. Give k(m).
6
Let c(v) = -9*v + 8*v**2 + v**3 + 3 - 7*v**2 + v**2 + 7*v**2. Determine c(-10).
-7
Let h = -3 + 5. Let w be (-2 - (-4)/h) + 3. Let r(u) be the second derivative of u**5/20 - u**4/6 - 2*u**3/3 + 3*u**2/2 + 51*u. Determine r(w).
0
Let g(c) = -c**3 - 8*c**2 - 6*c. Suppose 13*o = 41 - 15. Let q be (-216)/30 + o/10. What is g(q)?
-7
Let a(q) = q**3 - 4*q + 3. Suppose -2*j + 2*m + 14 = 0, -2 = -5*j - m + 3. Give a(j).
3
Let x(u) = -4*u**3 + u**2. Let t be (-12)/(-21) - (-2)/(42/9). What is x(t)?
-3
Let b be (2 - (-7)/(-3))/((-15)/(-45)). Let k(h) = 27*h**2 - h. Determine k(b).
28
Let j(a) = -a - 21. Let q(b) = -3*b - 60. Let t(w) = -11*j(w) + 4*q(w). Give t(0).
-9
Let l(t) be the first derivative of t**4/4 - 2*t**3/3 - t**2/2 - 5*t + 599. Give l(4).
23
Let s(h) = -2*h**3 + h**2 + 2*h - 1. Suppose 1 = y - 0. Let p be ((-28)/20 + y)*-15. Let w = p - 4. Determine s(w).
-9
Let x(o) = -o**3 + 6*o**2 + o + 1. Let r(n) = n**2 - 8. Let j be r(6). Suppose 1 - 11 = -3*v + 2*i, 2*v - j = -4*i. Give x(v).
7
Let h(v) = v - 1. Suppose -3*n + 5*j - 1 + 29 = 0, -5*n = j. Let f be -3*(-1 - n/3). Suppose -p - f*b + 11 = 0, 0*b - 4 = -b. Give h(p).
-6
Let c(z) = 21*z - 30*z + 2*z**2 + z**2 - 4*z**2 - 6. Let w(l) = -l**3 + 6*l**2 + 6*l + 10. Let t be w(7). Suppose 32 = -t*x - x. Determine c(x).
2
Let u(d) be the third derivative of -d**5/60 + d**4/4 + 2*d**2 + d. What is u(5)?
5
Let b(k) = -k**2 - 7*k - 1. Suppose -2*f + 5*f - d = -251, -3*d = -4*f - 343. Let r = f + 75. Calculate b(r).
-1
Let u(x) = 2*x**2 - 2*x + 1. Let v(y) = -2*y**3 + 2*y**2 - 2*y + 2. Let s(h) = -2*u(h) + v(h). Determine s(-2).
4
Let j(g) = g**2 + g**3 - 3*g**2 + g**2 - 3 + g + 4*g**2. Let z be (-1)/(-1 + 4/3). Calculate j(z).
-6
Let v(i) = -i**2 + 5*i - 1. Suppose 0 = -5*u - 992 - 3168. Let h be (-2)/(-11) + u/(-143). Determine v(h).
-7
Suppose -107*g + 110*g - 15 = 0. Let r(b) = 7*b + 4. Determine r(g).
39
Let c(y) = -y + 8. Suppose 6*u - 17*u + 121 = 0. Calculate c(u).
-3
Let t(c) = c + 2. Let f be t(-4). Let x(l) be the second derivative of -l**5/10 + l**3/6 - l**2 + 69*l. Determine x(f).
12
Let u(h) be the first derivative of -h**4/4 - 7*h**3 - 21*h**2/2 - 28*h - 107. Determine u(-20).
-8
Suppose -4*x - 62 + 74 = 0. Let p(s) = 22 + 74*s**2 + s**x - 40*s**2 - 35*s**2 - 5. What is p(0)?
17
Let o(n) = -17*n - 13*n - 19*n + 20 + 48*n. Determine o(10).
10
Let r(t) be the second derivative of t**5/60 + t**4/3 + 7*t**3/6 - 4*t. Let z(a) be the second derivative of r(a). Give z(-7).
-6
Let k be 14/(-2)*(-105 - -107). Let o(d) = d**2 + 16*d + 34. Determine o(k).
6
Let y(x) = 2*x - 2. Suppose 4*j + 384 = 2*l, 3*l = -5*j - 651 + 182. Let b = j - -98. Give y(b).
4
Suppose -2*u = -2*n - 8, 5*n + 5*u - 9 = 11. Let f(v) = -2 - 9 - 2 - v. What is f(n)?
-13
Let o = -4 - -47. Let m = o - 53. Let f(s) = -s**3 - 11*s**2 